/(-9))/(2/(-70)) is divided by 13?
8
Let t = -249 - -260. Calculate the remainder when t is divided by 6.
5
Suppose -f = f - 120. Let p(s) = -17*s - 2. Let l be p(3). Let k = l + 84. What is the remainder when f is divided by k?
29
Let z(p) = -p**2 + 36*p - 228. What is the remainder when z(23) is divided by 28?
15
Let r(l) = 2*l**2 + 45*l + 67. What is the remainder when 86 is divided by r(-22)?
41
Let d(v) = -8*v - 16 + 10 - 8*v + v**2 - 9. What is the remainder when d(18) is divided by 4?
1
Suppose 8*v - 3042 + 770 = 0. What is the remainder when v is divided by 103?
78
Let q(o) = o - 11. Let d be q(7). Let j(z) = z**2 + 2*z - 8. Let s be j(d). Suppose -3*m + 22 - 1 = s. Calculate the remainder when 11 is divided by m.
4
Let s = -4 + 5. Calculate the remainder when ((-33)/(-22))/(s/52) is divided by 16.
14
Let v = -22 - -11. Let q = v + 13. Suppose 3*t - 2*t - 36 = 5*w, -q*w + 24 = 2*t. Calculate the remainder when 46 is divided by t.
14
Let s(l) = l**3 + 32*l**2 + 30*l - 24. Calculate the remainder when 12 is divided by s(-31).
5
Let y(b) be the third derivative of -b**5/60 + 5*b**4/12 - 5*b**3/3 - 24*b**2. What is the remainder when 31 is divided by y(4)?
3
Let x be -3 - (-5 + 0 - 3). Suppose -5*d = x*l + 30, 0 = -0*l + 4*l - 2*d + 30. What is the remainder when 14 is divided by 0 + 6 - (-7)/l?
4
Suppose 3*k - 207 = 339. Let j = k - 117. What is the remainder when j is divided by 17?
14
Let i(c) = -5*c - 2. Let p be i(-2). Let b(t) = -t**3 + 7*t**2 + 9*t - 1. Let q(s) = -s - 1. Calculate the remainder when b(p) is divided by q(-6).
2
Suppose -2*u + 2*w = -86, -3*u - w = -98 - 23. Suppose j = -3*v + 15, -2 = 3*v + 1. Let s = u + j. Calculate the remainder when s is divided by 20.
19
Let s(q) = 6*q - 9. Let u(x) = -10*x + 4. Calculate the remainder when s(11) is divided by u(-2).
9
Let o(b) = -2 + 0 + 1 + 5*b + 2*b**2 + 8. Suppose 0 = -l + 6*l - 95. What is the remainder when l is divided by o(-2)?
4
Calculate the remainder when -2 - (842/(-8))/(1/4) is divided by 20.
19
Let b be (-405)/(-10)*(-4)/(-3). Let p = b + 17. Suppose -6*x = -2*x - 72. What is the remainder when p is divided by x?
17
Let k(p) = -63*p**3 - 5*p - 6. Calculate the remainder when 176 is divided by k(-1).
52
Let s = -11 + 27. Let r(q) = 2*q + 67. Calculate the remainder when r(-4) is divided by s.
11
Suppose 137*f = 143*f - 18. Calculate the remainder when 26/6 - (-5)/(-15) is divided by f.
1
Suppose -4*c = -c - c. Suppose -4*v - s + 150 = c, 0 = -s - 1 - 1. What is the remainder when v is divided by 15?
8
Let a(y) = -y**3 + 6*y**2 + 6*y + 3. Let m be a(5). Suppose v - 3*v + m = 0. Suppose 10 = -b + v. Calculate the remainder when b is divided by 11.
8
Let w(r) = -9*r**3 - 2*r**2 - 2*r - 1. Let v = -684 + 688. What is the remainder when w(-1) is divided by v?
0
Suppose -2*i - 2 = 2*r, 0 = -3*r + 3*i - 5 + 26. Suppose r*s - 4*s + 11 = 0. Calculate the remainder when 43 is divided by s.
10
Let u(d) = 2*d**2 - d - 5. Let j = 17 + -14. Calculate the remainder when 157 is divided by u(j).
7
Suppose -26*y + 16*y + 1230 = 0. Calculate the remainder when y is divided by 9.
6
Let o = -6 + 8. Calculate the remainder when (315/28 - 11)/((-1)/(-36)) is divided by o.
1
Let a be 4/7 + (984/(-7))/(-6). What is the remainder when 46 is divided by 22 - a - (1 + -15)?
10
Let t = 26 - 31. Let x(i) = 2*i - 13. Let l(k) = -k + 14. Let c(o) = t*l(o) - 4*x(o). What is the remainder when c(-18) is divided by 8?
4
Suppose 0 = -2*a + q + 19, 3*a + 2*q - 28 = -3. What is the remainder when 17 is divided by a?
8
What is the remainder when ((-14)/35)/((-10)/2075) is divided by 30?
23
Let o(s) = -76*s + 130. What is the remainder when o(-2) is divided by 98?
86
Let y be (-10)/45 - 22/(-18). Calculate the remainder when 19 is divided by (10 - -1)/(2 + (-1)/y).
8
Let r(a) = 3*a + 3. Suppose 20*w = -3*w + 4117. Calculate the remainder when w is divided by r(9).
29
Let o(n) = -n**3 - 7*n**2 + 10*n + 6. Let u be o(-8). Let q = 7 - u. Let f(k) = 6*k**2 + 4*k. What is the remainder when f(3) is divided by q?
15
Let i(n) = 114*n + 2 - 2*n**2 - 114*n. Let y be i(-2). Calculate the remainder when 49 is divided by (-1)/y - (-231)/18.
10
Let x(t) = t**3 + 10*t**2 + 20*t + 30. Calculate the remainder when 331 is divided by x(-7).
35
What is the remainder when ((-20)/15)/((-40)/2610) is divided by 44?
43
Let d = 143 + -103. Calculate the remainder when d is divided by 21.
19
Suppose 2*t - 33 - 41 = 0. Let h(a) = 3*a - 41 + t - 6*a. Calculate the remainder when h(-9) is divided by 12.
11
Let q = -14 + 21. Calculate the remainder when 40 is divided by q.
5
Let x = 724 - 665. Calculate the remainder when 117 is divided by x.
58
Let b = 713 + -696. Suppose 0 = -2*d + i + 82, 2*i + i = 4*d - 166. What is the remainder when d is divided by b?
6
Suppose n = -2*n + 6, 6 = 4*d + 3*n. Suppose -3*x - 2*x + 65 = d. Calculate the remainder when 23 is divided by x.
10
Suppose -3*y = -y - 42. Suppose -f = 5*c - 39 - 10, 0 = f - 2*c - 35. Suppose 0*k = k - f. What is the remainder when k is divided by y?
18
Let a(c) be the first derivative of c**2/2 + 32*c + 23. Calculate the remainder when 54 is divided by a(-13).
16
Let m = 20 - 12. Suppose -6*l + l - 85 = 0. Let a = 38 + l. Calculate the remainder when a is divided by m.
5
Suppose 6*j = -68 + 122. Calculate the remainder when 133 is divided by j.
7
Suppose 0 = 3*h - 3*r, 5*h = r - 6*r + 50. Suppose 0 = -h*w + 3*w + 38. Let b(c) = 4*c**2 + 9*c - 8. Calculate the remainder when w is divided by b(1).
4
Suppose 0 = -5*a - a + 12. What is the remainder when 15 is divided by 406/49 - a/7?
7
Let o = 297 - 275. Let p = 182 - 96. Calculate the remainder when p is divided by o.
20
Suppose -o - 10 + 135 = 0. Calculate the remainder when o is divided by 42.
41
Suppose 7*r + 53 = 137. Calculate the remainder when (-2)/(2*1) + 28 is divided by (-21)/(-3 + -4) - r/(-1).
12
Suppose 25 = -0*i + 5*i. Suppose -i*l = 14 - 139. What is the remainder when l is divided by 7?
4
Let u = -684 - -701. Calculate the remainder when 80 is divided by u.
12
Let r(p) = 37*p - 162. Calculate the remainder when 1425 is divided by r(5).
22
Suppose 3*b - 16 - 26 = 0. Let k(n) = 52*n**2 - 2*n + 3. What is the remainder when k(1) is divided by b?
11
Let f(l) = -l + 16. Let o be f(12). Suppose -3*p = -o*u + 240, 0 = -3*u - 5*p + p + 155. Calculate the remainder when 2/3 + u/9 is divided by 5.
2
Let o(c) = -56*c - 78. What is the remainder when o(-7) is divided by 45?
44
Let c(v) = -v**3 + v. Let o(r) = 3*r**3 - 6*r - 10. Suppose -4 + 0 = 4*j. Let z(b) = j*o(b) - 2*c(b). What is the remainder when z(-5) is divided by 29?
28
Let f = 397 - 255. Suppose 4*p + 5*i - 197 = -10, 194 = 4*p - 2*i. Calculate the remainder when f is divided by p.
46
Let n = -616 + 705. What is the remainder when 174 is divided by n?
85
Suppose 4015 = 5*o + 5*v, 0 = 4*v + 1 + 11. What is the remainder when o is divided by 15?
11
Suppose 15*n = 18*n - 4*v - 126, -3*v + 239 = 5*n. What is the remainder when 57 is divided by n?
11
Let r(x) = -37*x - 37. Calculate the remainder when r(-5) is divided by 42.
22
Let u(s) = s + 18. What is the remainder when 447 is divided by u(-8)?
7
What is the remainder when 142 is divided by (21/14 - 0)/((-2)/(-16))?
10
Calculate the remainder when ((-1362)/(-6) - 0) + -2 is divided by 38.
35
Calculate the remainder when (-1)/(-4 + ((-4662)/(-195))/6) is divided by 33.
32
Suppose 6*v - 139 - 41 = 0. Calculate the remainder when (7 + -3)*3/(v/415) is divided by 14.
12
Suppose 5*n - c - 38 = 0, 6*n - 2*n = 2*c + 28. What is the remainder when 54 is divided by n?
6
Suppose -3*v + 189 = v + 5*y, 2*y + 72 = 2*v. Calculate the remainder when v is divided by (21*(-2)/(-9))/(12/18).
6
Let b = -47 + 54. Suppose -b*x + 2*x = -130. Calculate the remainder when 34 is divided by x.
8
Let d = 25 + -12. Let j(f) = -6*f**3 - f**2 - f - 1. Let b be j(2). Let k = 92 + b. Calculate the remainder when k is divided by d.
11
Suppose 12 = 5*u + 4*o, -2*u - 12 = -u - 4*o. Suppose 7*l - 3*l - 88 = u. What is the remainder when l is divided by (1/(-1))/(2/(-24))?
10
Suppose -8 = -3*d + d. Suppose -55 = -d*l - l. Suppose 37 = 5*i + b - 113, 5*b = -2*i + 60. What is the remainder when i is divided by l?
8
Let d = -24 + 28. Suppose -2*z 